(19 + -16 - -12)?
14
Evaluate -20 - (6 + -11 - -3).
-18
Evaluate 12 + -13 + (7 - 7) + -28.
-29
(-1018 - -1030) + (-14 - (-2 + 4))
-4
5 + (43 - 57) + 20
11
Calculate (22 - 8) + -31 + 14.
-3
Calculate 4 + (3 - (19 - 3)) + 9.
0
What is (37 - 31) + -30 + 38?
14
Evaluate 32 - (48 - (15 - -9)).
8
What is the value of (3 - -2) + 2 + 61 + -68 + -7?
-7
Evaluate 1 - 6 - (22 + -50 - (-23 - -7)).
7
What is the value of 4 + (4 - 13) + -3 + 1 - -41?
34
-34 - (13 + -39 - -11) - 2
-21
Calculate (0 - -2) + 16 + -1 + -25.
-8
What is the value of -6 + 1 + 11 - (12 + -4 + -8)?
6
Evaluate -1 + 14 - (-46 + (10 - -38)) - 4.
7
What is -5 - (10 - 8) - (-4 + -1)?
-2
Evaluate -6 - (-4 - (1 + -10)).
-11
What is -1 + 0 + -3 - (-12 + 6 + -4)?
6
22 - (-8 - 5 - -24)
11
Calculate -1113 - -1096 - (-28 - 1).
12
What is -10 + 10 + (26 - 9)?
17
Calculate 12 + 1 + -12 - 12.
-11
0 - 4 - ((-28 - (-7 - 9)) + 8)
0
1 + -1 + 6 + (-60 - -63)
9
What is the value of -6 + 15 + (9 - 5) + -9 + 11?
15
What is the value of 12 + -9 - 4 - ((-3 - 0) + 0)?
2
What is 136 - 133 - (10 + -3 - -1)?
-5
314 + -343 - (-20 - -1)
-10
What is 2 + -8 - (20 + -15)?
-11
What is (-370 - -382) + (1 - (2 - 1))?
12
Evaluate -22 - -32 - (-4 - -13).
1
-16 - (-11 + (2 - 14))
7
What is -29 + 44 + -8 + 9 + 13?
29
What is the value of -5 + 21 - (68 - 64)?
12
What is the value of (14 - 5) + -43 + 38?
4
What is the value of 2 + (1 + -12 + -12 - -6)?
-15
(-10 - (-16 + 8)) + -3 + 1
-4
-16 + 10 + -23 + 15
-14
Calculate 3 - (0 + 0 - (2 - 14 - -10)).
1
What is the value of 15 + (2 - (2 - -1)) + 2 + -7?
9
Calculate (44 - 35) + 2 + -14.
-3
What is -2 + 2 + (-38 - -26) - -4?
-8
What is the value of 22 - 6 - (0 + 8)?
8
What is -10 - (-11 + -5 + 15) - (1 - 1)?
-9
12 + 2 + -1 - (9 + -7 + -2)
13
What is the value of 20 - (-1 - (4 + -16))?
9
3 + (0 + -3 + -4 - 8)
-12
What is (8 - 18) + (-1 - (-13 - -9))?
-7
Evaluate 4 + -1 + 0 - (-25 + (-19 - -37)).
10
Calculate 3 + -8 + 0 + 9 - 0.
4
What is the value of -371 + 409 - (-1 - -17)?
22
Evaluate -41 + 55 + (1 - 1).
14
4 - 7 - -7 - -4 - 7
1
-65 + 53 + -4 + (1 - 2) + -6
-23
Calculate 32 + -35 - (-3 + 7) - -1 - 32.
-38
What is (5 - (12 + -5)) + -9 - -15?
4
What is (26 - 33) + (4 + 0 - (3 - -10))?
-16
Evaluate 1401 + -1377 - (-1 + 10).
15
What is 15 + -25 + (1 - -21) - 8?
4
What is 2 + 1 + (2 - ((7 - 6) + 1))?
3
What is 6 + 2 + (0 - 2) + -333 + 349?
22
What is 0 + 2 + 1 - (-93 + 109)?
-13
Evaluate 1 + (-1 - 9 - (58 + -59)) + -15.
-23
What is (-45 - -37) + 1 + (0 - -6)?
-1
Evaluate (45 - 43) + (1 - 5).
-2
Calculate (17 - 4) + -5 + (-2 + -2 - 0).
4
What is -1172 + 1178 + 0 + 1 + 1?
8
What is the value of 7 + (3 - (-14 + 8))?
16
Calculate (-1 - 12) + (157 - 143) + 9.
10
Calculate -2 - (18 + (-13 - (-3 + -2)) + -5).
-7
9 + 2 - (-5 + (0 - -5) - -1)
10
What is -6 - (-16 - -3) - (-2 + 8)?
1
What is (2 - -6) + -17 - (11 + -24)?
4
Calculate (-141 - -138) + -2 + 1.
-4
What is 7 + (-2 - (8 - 2)) + (1 - -17)?
17
Evaluate 5 - (-10 + (-16 - -3) + 6).
22
Calculate -18 + -4 - -20 - (-1 - -1).
-2
What is the value of 2 - (-3 + -1 + -1 - -3)?
4
Calculate (115 - 112) + (1 - 1) + 5.
8
Calculate 24 - (17 - -5) - -11.
13
What is -10 - (-25 - 1 - -26)?
-10
Evaluate 30 + 7 + -25 - 27.
-15
What is -15 + ((-3 - 1) + -59 + 65 - -2)?
-11
Evaluate (33 - 39) + -2 + (0 - 1) - 7.
-16
What is 93 - 97 - (3 + (0 - 36) - -5)?
24
Evaluate -2 + 14 - (157 - 160).
15
Calculate (-28 + 15 - -23) + -4 + -17.
-11
What is the value of -13 + (-6 - (-9 + (7 - -1)))?
-18
4 + 6 + -6 + 1 + 5 - 8
2
Calculate (5 - (32 + -33)) + -4 + 0 + -1.
1
Calculate (22 - (-3 + 16)) + -10 + -2.
-3
Evaluate (4 - 10) + 132 + -150.
-24
Calculate (1 + -7 - (44 + -63)) + 0.
13
What is -8 + (-2 - (-17 + 6) - 8)?
-7
-2 + -5 + (136 - 116)
13
2 + -1 + 1 - -4 - (-106 - -108)
4
Calculate -23 + 35 - 1 - (-2 - -2).
11
What is the value of (30 + -22 + -8 - (-3 - 2)) + -10?
-5
-1 - ((-5 - -36) + -12 + 0)
-20
-896 + 885 - (-6 - -1)
-6
Evaluate 11 + (-21 - (-6 + -4)).
0
-6 + -2 + 2 - (496 - 504)
2
Calculate (6 - -6) + -9 + (6 - 1) - 16.
-8
-7 + (-1 + -2 - (1 + -17) - -3)
9
Calculate (2 + -16 - (-17 - (-13 + 1))) + -12.
-21
Evaluate -6 - (6 + -5 + 1 - 19).
11
What is 16 - (14 + 6) - -21?
17
What is -22 - (17 + (1 - 9) + -2)?
-29
What is the value of 11 - 18 - (3 - -1 - -18)?
-29
-3 + (9 - 7) + 7 - (-2 + 4)
4
13 + 2 + -19 + 9 - -23
28
Evaluate -13 - (7 + -19 + 2 - -7).
-10
What is the value of 8 + 5 - (-20 + 5 - -20)?
8
What is the value of 8 + (-19 - (-5 - (-2 + 1)))?
-7
Evaluate (-4 - -10) + 1 + -24 + 3.
-14
3 - -9 - (1 - (2 + -14))
-1
Calculate -38 + 87 + -24 + -24.
1
Calculate 6 + (-3 - -4) - ((1 - 9) + -7).
22
What is 0 - 0 - -5 - (-159 + 167) - 4?
-7
What is -4 - (-4 + -6 + (-4 - 2 - -18))?
-6
What is 1 - (29 - 22) - (-1 - 0)?
-5
What is the value of 7 + -6 + -7 - (1 + (-32 - 9))?
34
What is the value of 3 + (-2 - 7) - (-43 + (35 - 20))?
22
-1 - -7 - (123 + -132) - 36
-21
What is -1 - -10 - (-93 + 96) - (7 + -3)?
2
-10 + 3 + (11 - (-10 + 4))
10
Evaluate 3 - (-76 + 82 + (-18 - -1)).
14
Evaluate 70 + 7 + -28 + -25.
24
Calculate (13 - (25 - 20)) + -11.
-3
What is the value of 2 + 1 + (-1 + 9 - 0)?
11
-1 + (6 - -9) + (-16 - -14) + 3
15
What is the value of (62 - 71) + (-8 - -23) - (0 - 15)?
21
What is the value of 15 + -21 - (-11 - 2)?
7
Evaluate -36 + 29 + 15 + (-15 - -1).
-6
Evaluate (-40 + 54 - (10 - 0)) + (0 - 5).
-1
5 + (6 - 6) - -6
11
7 - (-1 + 2 + -78 + 98)
-14
Evaluate -6 + -7 + (9 - 3) - -6.
-1
61 - 57 - (-1 + 4)
1
What is the value of 26 + (-74 - -23) - -28?
3
Calculate 47 + (-28 - 1) - 1.
17
What is the value of -12 + 1 - (-1 + -8 - -5)?
-7
-5 + 4 + -16 + -1 - (-246 + 236)
-8
-19 - (-4 + (-13 - -19 - (3 - 0)))
-18
What is the value of -2 + 15 - (0 + (2 - 9 - -5))?
15
What is the value of (-5 - -6) + -2 - (-8 + 5 + 8)?
-6
What is (29 - 51) + -4 + 9 + -2 + -4?
-23
What is (0 + -3 - (3 - 8) - -6) + -39?
-31
(-6 - -17) + 6 + (2 - 10) + -24
-15
What is the value of -18 - -2 - (-1 - (2 + 1))?
-12
What is (13 - 1) + -33 + 13 + -23?
-31
What is (-1 - 7) + 2 + (-20 - (7 + -33))?
0
What is the value of (16 - 18 - (1 - 16) - -5) + -8?
10
-35 + (-25 - -28) + 24
-8
Evaluate 0 + 2 + (0 - 2) + -2 + 4.
2
What is 7 + -15 + -6 - -15?
1
-6 + (1 - 14) + (-8 - -10)
-17
What is -1 + (13 - (0 + -4))?
16
What is 7 + -16 - (-250 - -227)?
14
1 + (-1 - -6) + (-19 - (-16 - -10))
-7
Evaluate -1 + -5 + 10 + (-33 - -11).
-18
What is 2 - (-20 - (-37 + 28 - (3 + -2)))?
12
What is (0 - -10) + -36 + 13?
-13
What is the value of 5 + -7 + (5 - 10) + 4?
-3
Evaluate 13 + -27 - (87 - 69).
-32
What is 12 + -9 - (3 - 28 - 0) - 4?
24
What is the value of 1 + (-122 - -119 - (1 + 4))?
-7
Calculate -4 + (-20 - -14 - -19).
9
(10 - 5) + -1 + -6 + 6
4
What is the value of -10 + (-5 + (3 + -4 - -2) - -11)?
-3
Evaluate -30 - (-46 - -21) - (-1 + (-1 - -2)).
-5
What is the value of 11 + -37 + 14 + 4 - (4 + 11)?
-23
Calculate -14 + 8 + 7 + 1 + -6.
-4
What is 29 + (-42 - (-17 + -4))?
8
-6 + 0 - (-15 + 23) - (-4 - -6)
-16
Calculate (-17 + (-5 - -22 - 9) - 5) + -9.
-23
Calculate (0 - -5 - (-8 - -21)) + 1 + -3.
-10
What is (8 - 1 - -5) + -7?
5
What is the value of -379 - -353 - (-31 + 2)?
3
What is the value of (22 - (-6 + 8 - -3)) + 0?
17
What is the value of -2 - 17 - (-175 + 163)?
-7
0 + -40 - (-244 + 220)
-16
Evaluate 24 + (6 - 32) + 0 + -7.
-9
Calculate -16 - 1 - (-56 + 34 + 15).
-10
What is 3 + (0 + -15 - 3 - (0 - 2))?
-13
Evaluate (8 - 4 - -11) + (-25 - -3).
-7
Calculate (10 - -16) + -28 + (2 - -1 - -26).
27
What is the value of -29 + 21 - (-11 - (10 - 11))?
2
Evaluate -10 + (29 - 13) - (8 + 1).
-3
What is (15 + 30 - 31) + -11?
3
What is -32 - (-12 + 27 + -14)?
-33
13 - 2 - (39 - (-5 + 24 + -20))
-29
What is -5 - (-11 + 14 - -3 - (1 - -2))?
-8
Evaluate 45 - (30 - (44 + -34)).
25
Evaluate 10 + 0 - (-3 - (12 - 16) - -21).
-12
-32 - -28 - 28 - -14
-18
What is the value of -11 + (-6 - (-11 + 4))?
-10
(89 - 114) + 7 + -2
-20
Calculate -2 - (6 - (0 - (13 - 9))).
-12
What is the value of -2 + 26 + (3 - 22)?
5
What is the value of 24 - 32 - (0 + (-21 - -3)) - 0?
10
What is 18 + -3 + 21 + -40?
-4
Evaluate -2 - (-10 - -2 - (15 - 9)).
12
What is 10 + 67 + -24 - 35?
18
2 + -3 + (4 - (5 - (1 + 7)))
6
What is the value of -13 + 0 + 7 + (3 - 0) - 5?
-8
Evaluate 59 + -85 + (5 - -23).
2
-102 + 115 + (2 - 13) - 17
-15
Calculate 